{"id":373,"date":"2025-05-22T20:33:18","date_gmt":"2025-05-22T18:33:18","guid":{"rendered":"http:\/\/www.asijskeserialy.cz\/?page_id=373"},"modified":"2026-01-12T23:44:07","modified_gmt":"2026-01-12T22:44:07","slug":"hidden-love-2023","status":"publish","type":"page","link":"https:\/\/www.asijskeserialy.cz\/index.php\/cinske-serialy\/hidden-love-2023\/","title":{"rendered":"Hidden Love (2023)"},"content":{"rendered":"\n<div class=\"wp-block-media-text alignwide\" style=\"grid-template-columns:43% auto\"><figure class=\"wp-block-media-text__media\"><img loading=\"lazy\" decoding=\"async\" width=\"500\" height=\"720\" src=\"https:\/\/www.asijskeserialy.cz\/wp-content\/uploads\/2025\/06\/hidden-love-22980-1.jpg\" alt=\"\" class=\"wp-image-605 size-full\" srcset=\"https:\/\/www.asijskeserialy.cz\/wp-content\/uploads\/2025\/06\/hidden-love-22980-1.jpg 500w, https:\/\/www.asijskeserialy.cz\/wp-content\/uploads\/2025\/06\/hidden-love-22980-1-208x300.jpg 208w\" sizes=\"auto, (max-width: 500px) 100vw, 500px\" \/><\/figure><div class=\"wp-block-media-text__content\">\n<p style=\"font-size:17px;font-style:normal;font-weight:500\">D\u011bj seri\u00e1lu: <br><br>Mlad\u00e1 Sang Zhi <strong>(Zhao Lu Si) <\/strong>se zamiluje do Duan Jia Xu <strong>(Chen Zhe Yuan)<\/strong>, spolu\u017e\u00e1ka sv\u00e9ho star\u0161\u00edho bratra, kter\u00fd je o p\u011bt let star\u0161\u00ed ne\u017e ona. Po ukon\u010den\u00ed st\u0159edn\u00ed \u0161koly nastoup\u00ed na univerzitu ve m\u011bst\u011b, kde pracuje Duan Jia Xu, a b\u011bhem setk\u00e1v\u00e1n\u00ed se do sebe pomalu zamiluj\u00ed.~~ Adaptace podle webov\u00e9ho rom\u00e1nu \u201eTajn\u011b, tajn\u011b, ale nelze to skr\u00fdt\u201c (\u5077\u5077\u85cf\u4e0d\u4f4f) od Zhu Yi (\u7af9\u5df2) <br><br>Po\u010det d\u00edl\u016f: 25<br>D\u00e9lka d\u00edlu: 45 min<br>Seri\u00e1l lze sledovat online: Netflix, YOUKU, Youtube<br>Titulky: v sou\u010dasn\u00e9 dob\u011b pouze anglick\u00e9<br>Seri\u00e1l v archivu: ANO<br><\/p>\n<\/div><\/div>\n\n\n\n<p style=\"font-size:16px\"><strong>Trailer k seri\u00e1lu Hidden Love (2023) V hlavn\u00edch rol\u00edch Zhao Lu Si a Chen Zhe Yuan<\/strong><\/p>\n\n\n\n<figure class=\"wp-block-embed is-type-video is-provider-youtube wp-block-embed-youtube wp-embed-aspect-16-9 wp-has-aspect-ratio\"><div class=\"wp-block-embed__wrapper\">\n<iframe loading=\"lazy\" title=\"ENGSUB\u3010TRAILER\u3011\u5168\u7cd6\u751c\u5267\uff01\u8d75\u9732\u601d\u7528\u7231\u6cbb\u6108\u9648\u54f2\u8fdc\uff0c\u6f14\u7ece\u751c\u604b\u4e00\u590f \uff01| \u5077\u5077\u85cf\u4e0d\u4f4f Hidden Love | \u8d75\u9732\u601d\/\u9648\u54f2\u8fdc | \u7231\u60c5\u5267\u60c5 | \u4f18\u9177 YOUKU\" width=\"525\" height=\"295\" src=\"https:\/\/www.youtube.com\/embed\/tiwcMjH1dRw?feature=oembed\" frameborder=\"0\" allow=\"accelerometer; autoplay; clipboard-write; encrypted-media; gyroscope; picture-in-picture; web-share\" referrerpolicy=\"strict-origin-when-cross-origin\" allowfullscreen><\/iframe>\n<\/div><\/figure>\n\n\n\n<div style=\"height:69px\" aria-hidden=\"true\" class=\"wp-block-spacer\"><\/div>\n\n\n<figure class=\"wp-block-image aligncenter is-resized\"><img loading=\"lazy\" decoding=\"async\" width=\"300\" height=\"169\" src=\"https:\/\/www.asijskeserialy.cz\/wp-content\/uploads\/2025\/06\/AAAABUDWIoTxfNDZGp8HWeoMtsZpArcuY7Guc_6G4XwCbteGL_QGL_W878z0jiyVrbCmosnC0iHtiOCkIhiAclfEYZlaQIyvTAomDnAP-300x169.jpg\" alt=\"\" class=\"wp-image-582\" style=\"width:512px;height:288px\" srcset=\"https:\/\/www.asijskeserialy.cz\/wp-content\/uploads\/2025\/06\/AAAABUDWIoTxfNDZGp8HWeoMtsZpArcuY7Guc_6G4XwCbteGL_QGL_W878z0jiyVrbCmosnC0iHtiOCkIhiAclfEYZlaQIyvTAomDnAP-300x169.jpg 300w, https:\/\/www.asijskeserialy.cz\/wp-content\/uploads\/2025\/06\/AAAABUDWIoTxfNDZGp8HWeoMtsZpArcuY7Guc_6G4XwCbteGL_QGL_W878z0jiyVrbCmosnC0iHtiOCkIhiAclfEYZlaQIyvTAomDnAP-768x432.jpg 768w, https:\/\/www.asijskeserialy.cz\/wp-content\/uploads\/2025\/06\/AAAABUDWIoTxfNDZGp8HWeoMtsZpArcuY7Guc_6G4XwCbteGL_QGL_W878z0jiyVrbCmosnC0iHtiOCkIhiAclfEYZlaQIyvTAomDnAP-1024x576.jpg 1024w, https:\/\/www.asijskeserialy.cz\/wp-content\/uploads\/2025\/06\/AAAABUDWIoTxfNDZGp8HWeoMtsZpArcuY7Guc_6G4XwCbteGL_QGL_W878z0jiyVrbCmosnC0iHtiOCkIhiAclfEYZlaQIyvTAomDnAP.jpg 1280w\" sizes=\"auto, (max-width: 300px) 100vw, 300px\" \/><\/figure>\n\n\n<p><\/p>\n\n\n<figure class=\"wp-block-image aligncenter is-resized\"><img loading=\"lazy\" decoding=\"async\" width=\"300\" height=\"169\" class=\"wp-image-580\" style=\"width: 509px; height: 287px;\" src=\"https:\/\/www.asijskeserialy.cz\/wp-content\/uploads\/2025\/06\/AAAABTQbj0JV5Jzo-E2pa1TISGedzuIcuv_Tv0hj77rHhpJGf6JIAkjMme2nPfM-STcFiN-kyg4eVqSEAq2RC1JFij0v0SD9EOmNCy_W-300x169.jpg\" alt=\"\" srcset=\"https:\/\/www.asijskeserialy.cz\/wp-content\/uploads\/2025\/06\/AAAABTQbj0JV5Jzo-E2pa1TISGedzuIcuv_Tv0hj77rHhpJGf6JIAkjMme2nPfM-STcFiN-kyg4eVqSEAq2RC1JFij0v0SD9EOmNCy_W-300x169.jpg 300w, https:\/\/www.asijskeserialy.cz\/wp-content\/uploads\/2025\/06\/AAAABTQbj0JV5Jzo-E2pa1TISGedzuIcuv_Tv0hj77rHhpJGf6JIAkjMme2nPfM-STcFiN-kyg4eVqSEAq2RC1JFij0v0SD9EOmNCy_W-768x432.jpg 768w, https:\/\/www.asijskeserialy.cz\/wp-content\/uploads\/2025\/06\/AAAABTQbj0JV5Jzo-E2pa1TISGedzuIcuv_Tv0hj77rHhpJGf6JIAkjMme2nPfM-STcFiN-kyg4eVqSEAq2RC1JFij0v0SD9EOmNCy_W.jpg 1024w\" sizes=\"auto, (max-width: 300px) 100vw, 300px\" \/><\/figure>","protected":false},"excerpt":{"rendered":"<p>D\u011bj seri\u00e1lu: Mlad\u00e1 Sang Zhi (Zhao Lu Si) se zamiluje do Duan Jia Xu (Chen Zhe Yuan), spolu\u017e\u00e1ka sv\u00e9ho star\u0161\u00edho bratra, kter\u00fd je o p\u011bt let star\u0161\u00ed ne\u017e ona. Po ukon\u010den\u00ed st\u0159edn\u00ed \u0161koly nastoup\u00ed na univerzitu ve m\u011bst\u011b, kde pracuje Duan Jia Xu, a b\u011bhem setk\u00e1v\u00e1n\u00ed se do sebe pomalu zamiluj\u00ed.~~ Adaptace podle webov\u00e9ho rom\u00e1nu &hellip; <\/p>\n<p class=\"link-more\"><a href=\"https:\/\/www.asijskeserialy.cz\/index.php\/cinske-serialy\/hidden-love-2023\/\" class=\"more-link\">Pokra\u010dovat ve \u010dten\u00ed<span class=\"screen-reader-text\"> &#8220;Hidden Love (2023)&#8221;<\/span><\/a><\/p>\n","protected":false},"author":1,"featured_media":363,"parent":98,"menu_order":1,"comment_status":"open","ping_status":"closed","template":"","meta":{"footnotes":""},"class_list":["post-373","page","type-page","status-publish","has-post-thumbnail","hentry"],"_links":{"self":[{"href":"https:\/\/www.asijskeserialy.cz\/index.php\/wp-json\/wp\/v2\/pages\/373","targetHints":{"allow":["GET"]}}],"collection":[{"href":"https:\/\/www.asijskeserialy.cz\/index.php\/wp-json\/wp\/v2\/pages"}],"about":[{"href":"https:\/\/www.asijskeserialy.cz\/index.php\/wp-json\/wp\/v2\/types\/page"}],"author":[{"embeddable":true,"href":"https:\/\/www.asijskeserialy.cz\/index.php\/wp-json\/wp\/v2\/users\/1"}],"replies":[{"embeddable":true,"href":"https:\/\/www.asijskeserialy.cz\/index.php\/wp-json\/wp\/v2\/comments?post=373"}],"version-history":[{"count":78,"href":"https:\/\/www.asijskeserialy.cz\/index.php\/wp-json\/wp\/v2\/pages\/373\/revisions"}],"predecessor-version":[{"id":2206,"href":"https:\/\/www.asijskeserialy.cz\/index.php\/wp-json\/wp\/v2\/pages\/373\/revisions\/2206"}],"up":[{"embeddable":true,"href":"https:\/\/www.asijskeserialy.cz\/index.php\/wp-json\/wp\/v2\/pages\/98"}],"wp:featuredmedia":[{"embeddable":true,"href":"https:\/\/www.asijskeserialy.cz\/index.php\/wp-json\/wp\/v2\/media\/363"}],"wp:attachment":[{"href":"https:\/\/www.asijskeserialy.cz\/index.php\/wp-json\/wp\/v2\/media?parent=373"}],"curies":[{"name":"wp","href":"https:\/\/api.w.org\/{rel}","templated":true}]}}